{"id":1256,"date":"2017-03-23T10:07:01","date_gmt":"2017-03-23T10:07:01","guid":{"rendered":"http:\/\/www.hfc1912.hu\/new\/?page_id=1256"},"modified":"2018-03-18T09:11:57","modified_gmt":"2018-03-18T09:11:57","slug":"hodmezovasarhelyi-fc-u8-as-korosztaly","status":"publish","type":"page","link":"http:\/\/www.hfc1912.hu\/new\/csapatok\/hodmezovasarhelyi-fc-u8-as-korosztaly\/","title":{"rendered":"H\u00f3dmez\u0151v\u00e1s\u00e1rhelyi FC U9-es koroszt\u00e1ly"},"content":{"rendered":"<p style=\"text-align: center;\">\n\t<img loading=\"lazy\" alt=\"\" class=\"aligncenter size-large wp-image-2433\" height=\"478\" src=\"http:\/\/www.hfc1912.hu\/new\/wp-content\/uploads\/2017\/03\/csapatkepek-5-1024x683.jpg\" style=\"\" title=\"\" width=\"717\" srcset=\"http:\/\/www.hfc1912.hu\/new\/wp-content\/uploads\/2017\/03\/csapatkepek-5-1024x683.jpg 1024w, http:\/\/www.hfc1912.hu\/new\/wp-content\/uploads\/2017\/03\/csapatkepek-5-300x200.jpg 300w, http:\/\/www.hfc1912.hu\/new\/wp-content\/uploads\/2017\/03\/csapatkepek-5-768x512.jpg 768w, http:\/\/www.hfc1912.hu\/new\/wp-content\/uploads\/2017\/03\/csapatkepek-5-128x85.jpg 128w, http:\/\/www.hfc1912.hu\/new\/wp-content\/uploads\/2017\/03\/csapatkepek-5-32x21.jpg 32w\" sizes=\"(max-width: 717px) 100vw, 717px\" \/>\n<\/p>\n<table border=\"0\" cellpadding=\"0\" cellspacing=\"0\" width=\"258\">\n<tbody>\n<tr height=\"20\">\n<td height=\"20\" width=\"258\">\n\t\t\t\tBeder Barnab&aacute;s\n\t\t\t<\/td>\n<\/tr>\n<tr height=\"20\">\n<td height=\"20\">\n\t\t\t\tGy&ouml;re Roland\n\t\t\t<\/td>\n<\/tr>\n<tr height=\"20\">\n<td height=\"20\">\n\t\t\t\tHorv&aacute;th &Aacute;ron\n\t\t\t<\/td>\n<\/tr>\n<tr height=\"20\">\n<td height=\"20\">\n\t\t\t\tKov&aacute;cs Hunor\n\t\t\t<\/td>\n<\/tr>\n<tr height=\"20\">\n<td height=\"20\">\n\t\t\t\tKov&aacute;cs M&oacute;zes\n\t\t\t<\/td>\n<\/tr>\n<tr height=\"20\">\n<td height=\"20\">\n\t\t\t\tNagy Cristiano\n\t\t\t<\/td>\n<\/tr>\n<tr height=\"20\">\n<td height=\"20\">\n\t\t\t\tRost&aacute;s D&aacute;niel Csaba\n\t\t\t<\/td>\n<\/tr>\n<tr height=\"20\">\n<td height=\"20\">\n\t\t\t\tSipos Attila\n\t\t\t<\/td>\n<\/tr>\n<tr height=\"20\">\n<td height=\"20\">\n\t\t\t\tTorzsa Vazul Endre\n\t\t\t<\/td>\n<\/tr>\n<tr height=\"20\">\n<td height=\"20\">\n\t\t\t\tVer&oacute;k Istv&aacute;n Mil&aacute;n\n\t\t\t<\/td>\n<\/tr>\n<tr height=\"20\">\n<td height=\"20\">\n\t\t\t\tBeh&aacute;n &Aacute;ron\n\t\t\t<\/td>\n<\/tr>\n<tr height=\"20\">\n<td height=\"20\">\n\t\t\t\tArany-T&oacute;th &Aacute;d&aacute;m\n\t\t\t<\/td>\n<\/tr>\n<tr height=\"20\">\n<td height=\"20\">\n\t\t\t\tCsuka Noel D&aacute;niel\n\t\t\t<\/td>\n<\/tr>\n<tr height=\"20\">\n<td height=\"20\">\n\t\t\t\tDomb&oacute;v&aacute;ri D&aacute;vid\n\t\t\t<\/td>\n<\/tr>\n<tr height=\"20\">\n<td height=\"20\">\n\t\t\t\tVincefi Martin\n\t\t\t<\/td>\n<\/tr>\n<tr height=\"20\">\n<td height=\"20\">\n\t\t\t\tFeh&eacute;r Korn&eacute;l Benedek\n\t\t\t<\/td>\n<\/tr>\n<tr height=\"20\">\n<td height=\"20\">\n\t\t\t\tTolnai Zolt&aacute;n Kevin\n\t\t\t<\/td>\n<\/tr>\n<tr height=\"20\">\n<td height=\"20\">\n\t\t\t\tT&ouml;r&ouml;k Patrik Erik\n\t\t\t<\/td>\n<\/tr>\n<tr height=\"20\">\n<td height=\"20\">\n\t\t\t\tMoln&aacute;r Levente\n\t\t\t<\/td>\n<\/tr>\n<tr height=\"20\">\n<td height=\"20\">\n\t\t\t\tH\u0151s Levente\n\t\t\t<\/td>\n<\/tr>\n<tr height=\"20\">\n<td height=\"20\">\n\t\t\t\tPacsk&oacute; Z&eacute;t&eacute;ny\n\t\t\t<\/td>\n<\/tr>\n<tr height=\"20\">\n<td height=\"20\">\n\t\t\t\tZ&aacute;mbori Gerg\u0151\n\t\t\t<\/td>\n<\/tr>\n<tr height=\"20\">\n<td height=\"20\">\n\t\t\t\tAntal Dori&aacute;n Kriszti&aacute;n\n\t\t\t<\/td>\n<\/tr>\n<tr height=\"20\">\n<td height=\"20\">\n\t\t\t\tSzill&eacute;ry Igor\n\t\t\t<\/td>\n<\/tr>\n<tr height=\"20\">\n<td height=\"20\">\n\t\t\t\tSchleifer M&aacute;t&eacute;\n\t\t\t<\/td>\n<\/tr>\n<tr height=\"20\">\n<td height=\"20\">\n\t\t\t\t&nbsp;\n\t\t\t<\/td>\n<\/tr>\n<tr height=\"20\">\n<td height=\"20\">\n\t\t\t\t<strong>Edz\u0151k:<\/strong> Czibere Adri&aacute;n, Varga R&oacute;bert, Marton Bence, Husz&aacute;r Lajos\n\t\t\t<\/td>\n<\/tr>\n<\/tbody>\n<\/table>\n","protected":false},"excerpt":{"rendered":"<p>Beder Barnab&aacute;s Gy&ouml;re Roland Horv&aacute;th &Aacute;ron Kov&aacute;cs Hunor Kov&aacute;cs M&oacute;zes Nagy Cristiano Rost&aacute;s D&aacute;niel Csaba Sipos Attila Torzsa Vazul Endre Ver&oacute;k Istv&aacute;n Mil&aacute;n Beh&aacute;n &Aacute;ron&#8230;<\/p>\n","protected":false},"author":1,"featured_media":0,"parent":50,"menu_order":0,"comment_status":"closed","ping_status":"closed","template":"","meta":[],"yoast_head":"<!-- This site is optimized with the Yoast SEO plugin v19.8 - https:\/\/yoast.com\/wordpress\/plugins\/seo\/ -->\n<title>H\u00f3dmez\u0151v\u00e1s\u00e1rhelyi FC U9-es koroszt\u00e1ly - H\u00f3dmez\u0151v\u00e1s\u00e1rhelyi Futball Club<\/title>\n<meta name=\"robots\" content=\"index, follow, max-snippet:-1, max-image-preview:large, max-video-preview:-1\" \/>\n<link rel=\"canonical\" href=\"http:\/\/www.hfc1912.hu\/new\/csapatok\/hodmezovasarhelyi-fc-u8-as-korosztaly\/\" \/>\n<meta property=\"og:locale\" content=\"hu_HU\" \/>\n<meta property=\"og:type\" content=\"article\" \/>\n<meta property=\"og:title\" content=\"H\u00f3dmez\u0151v\u00e1s\u00e1rhelyi FC U9-es koroszt\u00e1ly - H\u00f3dmez\u0151v\u00e1s\u00e1rhelyi Futball Club\" \/>\n<meta property=\"og:description\" content=\"Beder Barnab&aacute;s Gy&ouml;re Roland Horv&aacute;th &Aacute;ron Kov&aacute;cs Hunor Kov&aacute;cs M&oacute;zes Nagy Cristiano Rost&aacute;s D&aacute;niel Csaba Sipos Attila Torzsa Vazul Endre Ver&oacute;k Istv&aacute;n Mil&aacute;n Beh&aacute;n &Aacute;ron...\" \/>\n<meta property=\"og:url\" content=\"http:\/\/www.hfc1912.hu\/new\/csapatok\/hodmezovasarhelyi-fc-u8-as-korosztaly\/\" \/>\n<meta property=\"og:site_name\" content=\"H\u00f3dmez\u0151v\u00e1s\u00e1rhelyi Futball Club\" \/>\n<meta property=\"article:modified_time\" content=\"2018-03-18T09:11:57+00:00\" \/>\n<meta property=\"og:image\" content=\"http:\/\/www.hfc1912.hu\/new\/wp-content\/uploads\/2017\/03\/csapatkepek-5-1024x683.jpg\" \/>\n<meta name=\"twitter:card\" content=\"summary_large_image\" \/>\n<meta name=\"twitter:label1\" content=\"Est. reading time\" \/>\n\t<meta name=\"twitter:data1\" content=\"1 perc\" \/>\n<script type=\"application\/ld+json\" class=\"yoast-schema-graph\">{\"@context\":\"https:\/\/schema.org\",\"@graph\":[{\"@type\":\"WebPage\",\"@id\":\"http:\/\/www.hfc1912.hu\/new\/csapatok\/hodmezovasarhelyi-fc-u8-as-korosztaly\/\",\"url\":\"http:\/\/www.hfc1912.hu\/new\/csapatok\/hodmezovasarhelyi-fc-u8-as-korosztaly\/\",\"name\":\"H\u00f3dmez\u0151v\u00e1s\u00e1rhelyi FC U9-es koroszt\u00e1ly - H\u00f3dmez\u0151v\u00e1s\u00e1rhelyi Futball Club\",\"isPartOf\":{\"@id\":\"http:\/\/www.hfc1912.hu\/new\/#website\"},\"datePublished\":\"2017-03-23T10:07:01+00:00\",\"dateModified\":\"2018-03-18T09:11:57+00:00\",\"breadcrumb\":{\"@id\":\"http:\/\/www.hfc1912.hu\/new\/csapatok\/hodmezovasarhelyi-fc-u8-as-korosztaly\/#breadcrumb\"},\"inLanguage\":\"hu\",\"potentialAction\":[{\"@type\":\"ReadAction\",\"target\":[\"http:\/\/www.hfc1912.hu\/new\/csapatok\/hodmezovasarhelyi-fc-u8-as-korosztaly\/\"]}]},{\"@type\":\"BreadcrumbList\",\"@id\":\"http:\/\/www.hfc1912.hu\/new\/csapatok\/hodmezovasarhelyi-fc-u8-as-korosztaly\/#breadcrumb\",\"itemListElement\":[{\"@type\":\"ListItem\",\"position\":1,\"name\":\"Home\",\"item\":\"http:\/\/www.hfc1912.hu\/new\/\"},{\"@type\":\"ListItem\",\"position\":2,\"name\":\"Csapatok\",\"item\":\"http:\/\/www.hfc1912.hu\/new\/csapatok\/\"},{\"@type\":\"ListItem\",\"position\":3,\"name\":\"H\u00f3dmez\u0151v\u00e1s\u00e1rhelyi FC U9-es koroszt\u00e1ly\"}]},{\"@type\":\"WebSite\",\"@id\":\"http:\/\/www.hfc1912.hu\/new\/#website\",\"url\":\"http:\/\/www.hfc1912.hu\/new\/\",\"name\":\"H\u00f3dmez\u0151v\u00e1s\u00e1rhelyi Futball Club\",\"description\":\"H\u00f3dmez\u0151v\u00e1s\u00e1rhelyi Futball Club hivatalos honlapja\",\"publisher\":{\"@id\":\"http:\/\/www.hfc1912.hu\/new\/#organization\"},\"potentialAction\":[{\"@type\":\"SearchAction\",\"target\":{\"@type\":\"EntryPoint\",\"urlTemplate\":\"http:\/\/www.hfc1912.hu\/new\/?s={search_term_string}\"},\"query-input\":\"required name=search_term_string\"}],\"inLanguage\":\"hu\"},{\"@type\":\"Organization\",\"@id\":\"http:\/\/www.hfc1912.hu\/new\/#organization\",\"name\":\"H\u00f3dmez\u0151v\u00e1s\u00e1rhelyi Futball Club\",\"url\":\"http:\/\/www.hfc1912.hu\/new\/\",\"sameAs\":[],\"logo\":{\"@type\":\"ImageObject\",\"inLanguage\":\"hu\",\"@id\":\"http:\/\/www.hfc1912.hu\/new\/#\/schema\/logo\/image\/\",\"url\":\"http:\/\/www.hfc1912.hu\/new\/wp-content\/uploads\/2021\/12\/cropped-V\u00e9gleges_c\u00edmer_atlatszo150162.png\",\"contentUrl\":\"http:\/\/www.hfc1912.hu\/new\/wp-content\/uploads\/2021\/12\/cropped-V\u00e9gleges_c\u00edmer_atlatszo150162.png\",\"width\":150,\"height\":162,\"caption\":\"H\u00f3dmez\u0151v\u00e1s\u00e1rhelyi Futball Club\"},\"image\":{\"@id\":\"http:\/\/www.hfc1912.hu\/new\/#\/schema\/logo\/image\/\"}}]}<\/script>\n<!-- \/ Yoast SEO plugin. -->","yoast_head_json":{"title":"H\u00f3dmez\u0151v\u00e1s\u00e1rhelyi FC U9-es koroszt\u00e1ly - H\u00f3dmez\u0151v\u00e1s\u00e1rhelyi Futball Club","robots":{"index":"index","follow":"follow","max-snippet":"max-snippet:-1","max-image-preview":"max-image-preview:large","max-video-preview":"max-video-preview:-1"},"canonical":"http:\/\/www.hfc1912.hu\/new\/csapatok\/hodmezovasarhelyi-fc-u8-as-korosztaly\/","og_locale":"hu_HU","og_type":"article","og_title":"H\u00f3dmez\u0151v\u00e1s\u00e1rhelyi FC U9-es koroszt\u00e1ly - H\u00f3dmez\u0151v\u00e1s\u00e1rhelyi Futball Club","og_description":"Beder Barnab&aacute;s Gy&ouml;re Roland Horv&aacute;th &Aacute;ron Kov&aacute;cs Hunor Kov&aacute;cs M&oacute;zes Nagy Cristiano Rost&aacute;s D&aacute;niel Csaba Sipos Attila Torzsa Vazul Endre Ver&oacute;k Istv&aacute;n Mil&aacute;n Beh&aacute;n &Aacute;ron...","og_url":"http:\/\/www.hfc1912.hu\/new\/csapatok\/hodmezovasarhelyi-fc-u8-as-korosztaly\/","og_site_name":"H\u00f3dmez\u0151v\u00e1s\u00e1rhelyi Futball Club","article_modified_time":"2018-03-18T09:11:57+00:00","og_image":[{"url":"http:\/\/www.hfc1912.hu\/new\/wp-content\/uploads\/2017\/03\/csapatkepek-5-1024x683.jpg"}],"twitter_card":"summary_large_image","twitter_misc":{"Est. reading time":"1 perc"},"schema":{"@context":"https:\/\/schema.org","@graph":[{"@type":"WebPage","@id":"http:\/\/www.hfc1912.hu\/new\/csapatok\/hodmezovasarhelyi-fc-u8-as-korosztaly\/","url":"http:\/\/www.hfc1912.hu\/new\/csapatok\/hodmezovasarhelyi-fc-u8-as-korosztaly\/","name":"H\u00f3dmez\u0151v\u00e1s\u00e1rhelyi FC U9-es koroszt\u00e1ly - H\u00f3dmez\u0151v\u00e1s\u00e1rhelyi Futball Club","isPartOf":{"@id":"http:\/\/www.hfc1912.hu\/new\/#website"},"datePublished":"2017-03-23T10:07:01+00:00","dateModified":"2018-03-18T09:11:57+00:00","breadcrumb":{"@id":"http:\/\/www.hfc1912.hu\/new\/csapatok\/hodmezovasarhelyi-fc-u8-as-korosztaly\/#breadcrumb"},"inLanguage":"hu","potentialAction":[{"@type":"ReadAction","target":["http:\/\/www.hfc1912.hu\/new\/csapatok\/hodmezovasarhelyi-fc-u8-as-korosztaly\/"]}]},{"@type":"BreadcrumbList","@id":"http:\/\/www.hfc1912.hu\/new\/csapatok\/hodmezovasarhelyi-fc-u8-as-korosztaly\/#breadcrumb","itemListElement":[{"@type":"ListItem","position":1,"name":"Home","item":"http:\/\/www.hfc1912.hu\/new\/"},{"@type":"ListItem","position":2,"name":"Csapatok","item":"http:\/\/www.hfc1912.hu\/new\/csapatok\/"},{"@type":"ListItem","position":3,"name":"H\u00f3dmez\u0151v\u00e1s\u00e1rhelyi FC U9-es koroszt\u00e1ly"}]},{"@type":"WebSite","@id":"http:\/\/www.hfc1912.hu\/new\/#website","url":"http:\/\/www.hfc1912.hu\/new\/","name":"H\u00f3dmez\u0151v\u00e1s\u00e1rhelyi Futball Club","description":"H\u00f3dmez\u0151v\u00e1s\u00e1rhelyi Futball Club hivatalos honlapja","publisher":{"@id":"http:\/\/www.hfc1912.hu\/new\/#organization"},"potentialAction":[{"@type":"SearchAction","target":{"@type":"EntryPoint","urlTemplate":"http:\/\/www.hfc1912.hu\/new\/?s={search_term_string}"},"query-input":"required name=search_term_string"}],"inLanguage":"hu"},{"@type":"Organization","@id":"http:\/\/www.hfc1912.hu\/new\/#organization","name":"H\u00f3dmez\u0151v\u00e1s\u00e1rhelyi Futball Club","url":"http:\/\/www.hfc1912.hu\/new\/","sameAs":[],"logo":{"@type":"ImageObject","inLanguage":"hu","@id":"http:\/\/www.hfc1912.hu\/new\/#\/schema\/logo\/image\/","url":"http:\/\/www.hfc1912.hu\/new\/wp-content\/uploads\/2021\/12\/cropped-V\u00e9gleges_c\u00edmer_atlatszo150162.png","contentUrl":"http:\/\/www.hfc1912.hu\/new\/wp-content\/uploads\/2021\/12\/cropped-V\u00e9gleges_c\u00edmer_atlatszo150162.png","width":150,"height":162,"caption":"H\u00f3dmez\u0151v\u00e1s\u00e1rhelyi Futball Club"},"image":{"@id":"http:\/\/www.hfc1912.hu\/new\/#\/schema\/logo\/image\/"}}]}},"_links":{"self":[{"href":"http:\/\/www.hfc1912.hu\/new\/wp-json\/wp\/v2\/pages\/1256"}],"collection":[{"href":"http:\/\/www.hfc1912.hu\/new\/wp-json\/wp\/v2\/pages"}],"about":[{"href":"http:\/\/www.hfc1912.hu\/new\/wp-json\/wp\/v2\/types\/page"}],"author":[{"embeddable":true,"href":"http:\/\/www.hfc1912.hu\/new\/wp-json\/wp\/v2\/users\/1"}],"replies":[{"embeddable":true,"href":"http:\/\/www.hfc1912.hu\/new\/wp-json\/wp\/v2\/comments?post=1256"}],"version-history":[{"count":4,"href":"http:\/\/www.hfc1912.hu\/new\/wp-json\/wp\/v2\/pages\/1256\/revisions"}],"predecessor-version":[{"id":2434,"href":"http:\/\/www.hfc1912.hu\/new\/wp-json\/wp\/v2\/pages\/1256\/revisions\/2434"}],"up":[{"embeddable":true,"href":"http:\/\/www.hfc1912.hu\/new\/wp-json\/wp\/v2\/pages\/50"}],"wp:attachment":[{"href":"http:\/\/www.hfc1912.hu\/new\/wp-json\/wp\/v2\/media?parent=1256"}],"curies":[{"name":"wp","href":"https:\/\/api.w.org\/{rel}","templated":true}]}}