{"id":740,"date":"2016-10-17T14:52:45","date_gmt":"2016-10-17T14:52:45","guid":{"rendered":"http:\/\/www.hfc1912.hu\/new\/?page_id=740"},"modified":"2016-10-17T14:52:45","modified_gmt":"2016-10-17T14:52:45","slug":"a-vasarhelyi-foci-tortenete","status":"publish","type":"page","link":"http:\/\/www.hfc1912.hu\/new\/a-vasarhelyi-foci-tortenete\/","title":{"rendered":"A v\u00e1s\u00e1rhelyi foci t\u00f6rt\u00e9nete"},"content":{"rendered":"<p><b><span class=\"Apple-style-span\" style=\"font-family: verdana, geneva; font-size: small;\">A v\u00e1s\u00e1rhelyi foci t\u00f6rt\u00e9nete<\/span><\/b><\/p>\n<p><span style=\"font-family: verdana, geneva; font-size: small;\"><b>1912<\/b>. Megalakul a &#8220;Munk\u00e1s&#8221; &#8211; H\u00f3dmez\u0151v\u00e1s\u00e1rhely Munk\u00e1s Testedz\u0151 Egyes\u00fclet (HMTE) &#8211; labdar\u00fag\u00f3 szakoszt\u00e1lya. Az els\u0151 meccs\u00e9t a szegedi MTE ellen j\u00e1tszotta augusztus 11-\u00e9n. A k\u00e9t vil\u00e1gh\u00e1bor\u00fa k\u00f6z\u00f6tt t\u00f6bb futball csapatot (is) m\u0171k\u00f6dtet\u0151 kisebb sport klub is alakul, illetve egyes\u00fcl (HTK, VAC, SAS, VTK, Bercs\u00e9nyi, T\u00e9glagy\u00e1r, NOR-COC).<\/span><\/p>\n<p><span style=\"font-family: verdana, geneva; font-size: small;\"><b>1920<\/b>.Az els\u0151 vil\u00e1gh\u00e1bor\u00fa okozta orsz\u00e1gos b\u00e9nults\u00e1gb\u00f3l fel\u00e9ledve V\u00e1s\u00e1rhelyen <i>Dr. Beretzk P\u00e1l, Bangha S\u00e1muel, Varga J\u00f3zsef<\/i> \u00e9letre h\u00edvja a H\u00f3dmez\u0151v\u00e1s\u00e1rhelyi Torna \u00e9s V\u00edv\u00f3 Egylet &#8211; az 1888.m\u00e1rcius 31-\u00e9n alakult HTVE &#8211; labdar\u00fag\u00f3 szakoszt\u00e1ly\u00e1t. A csapat gerinc\u00e9t a fuzion\u00e1l\u00f3 VAC adja:<i> <\/i><i>Meszes\u00e1n Andr\u00e1s, Gullay Gy\u00f6rgy, R\u00e1cz Lajos, Orosz S\u00e1ndor, T\u00f3sz\u00f6gi S\u00e1ndor, Kass K\u00e1roly, Lovassy Istv\u00e1n, Bajkay Lajos, Cs\u00e1sz\u00e1r J\u00f3zsef, Szab\u00f3 K\u0151r\u00f6si Ferenc, Gyulai Viktor, Farag\u00f3 J\u00e1nos, Kurucz Istv\u00e1n, Marton Istv\u00e1n, Moln\u00e1r P\u00e1l, valamint Stern\u00f3t, Csende, Zs\u00f3t\u00e9r, P\u00e9terfi, Gedai, Splika, Ol\u00e1h.<\/i><\/span><\/p>\n<p><span style=\"font-family: verdana, geneva; font-size: small;\"><b>1923<\/b>.m\u00e1jus 20. \u00c1tadj\u00e1k az Erzs\u00e9bet-kertben a Munk\u00e1s \u00faj p\u00e1ly\u00e1j\u00e1t. 1927-re elk\u00e9sz\u00fcl a 800 f\u00e9r\u0151helyes fedett trib\u00fcn is.<\/span><\/p>\n<p><span style=\"font-family: verdana, geneva; font-size: small;\"><b>1943. <\/b>Nemzeti Bajnoks\u00e1g &#8220;B&#8221;, a Zr\u00ednyi csoportban a H\u00f3dmez\u0151v\u00e1s\u00e1rhelyi TVE a 10. helyen v\u00e9gez.<\/span><\/p>\n<p><span style=\"font-family: verdana, geneva; font-size: small;\"><b>1944.<\/b> NB II D\u00e9li csoportban a HTVE a 10. helyen v\u00e9gez.<\/span><\/p>\n<p><span style=\"font-family: verdana, geneva; font-size: small;\"><b>1945<\/b>. Megalakul a k\u00e9r\u00e9sz \u00e9let\u0171 HTSE (H\u00f3dmez\u0151v\u00e1s\u00e1rhelyi Testv\u00e9ris\u00e9g Sport Egylet) is labdar\u00fag\u00e1s, asztaltenisz \u00e9s nagyp\u00e1ly\u00e1s k\u00e9zilabda szakoszt\u00e1llyal. M\u00e1rciusban edz\u0151m\u00e9rk\u0151z\u00e9st j\u00e1tszanak a Munk\u00e1ssal, \u00e1prilisban Szentes csapat\u00e1val, de a m\u00e1jus 13-\u00e1n indul\u00f3 bajnokin m\u00e1r a Munk\u00e1s indul \u00e9s gy\u0151zi le a Tisza csapatot 2:0-ra. HMTE: <i>\u00c9bner &#8211; Benyhe, Poly\u00e1k &#8211; Sz\u0171cs, Cserna, B\u00edr\u00f3 &#8211; Mucsi, T\u00f3th II, Porkol\u00e1b, G\u00e1bor, Babolcsay.<br \/>\n<\/i>A V\u00edv\u00f3 is \u00fajra alakul, okt\u00f3berben m\u00e1r 2:2-es d\u00f6ntetlent \u00e9r el a Munk\u00e1ssal. HTVE: <i>Krasznai &#8211; dr.Kov\u00e1cs, Sz\u0171cs M &#8211; <\/i><i>Szab\u00f3, <\/i><i>T\u00f3th S, B\u00edr\u00f3 &#8211; Sz\u0171cs II, Boz\u00f3, G\u00e1bor, Ol\u00e1h, T\u00f6r\u00f6k. <\/i>HMTE:<i>Kov\u00e1cs I &#8211; K\u0151r\u00f6si, R\u00f3zsovics &#8211; D\u00e9k\u00e1ny, Kecsk\u00e9s, Kov\u00e1cs II &#8211; Baksa, Porkol\u00e1b, Mucsi, Jo\u00f3, Szamocseta.<\/i><\/span><\/p>\n<p><span style=\"font-family: verdana, geneva; font-size: small;\"><b>1947<\/b>. A Munk\u00e1s az NB II-be jut\u00e1s\u00e9rt j\u00e1tszik a Csongr\u00e1di Bar\u00e1ts\u00e1ggal. Nem siker\u00fcl feljebb jutni&#8230;<\/span><\/p>\n<p><span style=\"font-family: verdana, geneva; font-size: small;\"><b>1948<\/b>. NB III-as h\u00f3dmez\u0151v\u00e1s\u00e1rhelyi rangad\u00f3, Munk\u00e1s &#8211; V\u00edv\u00f3 2:1.<\/span><\/p>\n<p><span style=\"font-family: verdana, geneva; font-size: small;\"><b>1949<\/b>. A HTVE \u00e9s a HMTE egyes\u00fcl, az \u00faj nev\u00fck: H\u00f3dmez\u0151v\u00e1s\u00e1rhelyi Szakszervezeti Munk\u00e1s Testedz\u0151 Egyes\u00fclet. A HSZMTE 5:0-ra legy\u0151zi a szint\u00e9n NB III-as szegedi SZVSE-t.<\/span><\/p>\n<p><span style=\"font-family: verdana, geneva; font-size: small;\"><b>1950<\/b>. T\u00f6bb kisebb helyi egyes\u00fclet alakul az \u00f6tveses \u00e9vekben majd n\u00e9h\u00e1ny \u00e9v m\u00falva megsz\u0171nnek illetve f\u00fazion\u00e1lnak (KASE, F\u00e1klya, Lend\u00fclet, B\u00e1stya, T\u00f6rekv\u00e9s, V\u00f6r\u00f6s Meteor, HSZMTE, Vasas-Metripond, stb.) A H\u00f3dmez\u0151v\u00e1s\u00e1rhelyi SzMTE a Nemzeti Bajnoks\u00e1g III Szeged-Kiskunhalas csoportj\u00e1ban az \u00f6t\u00f6dik helyen v\u00e9gez.<\/span><\/p>\n<p><span style=\"font-family: verdana, geneva; font-size: small;\"><b>1954<\/b>. Elkezd\u0151dik a v\u00e1rosi stadion \u00e9p\u00edt\u00e9se.<\/span><\/p>\n<p><span style=\"font-family: verdana, geneva; font-size: small;\"><b>1957<\/b>. Az NB III-as bajnoks\u00e1gban h\u00e1rom v\u00e1s\u00e1rhelyi csapat is k\u00fczd: M\u00c1V HMTE, M\u00e9rleggy\u00e1ri Vasas, H D\u00f3zsa.<\/span><\/p>\n<p><span style=\"font-family: verdana, geneva; font-size: small;\"><b>1958<\/b>. Elk\u00e9sz\u00fcl a stadion.<\/span><\/p>\n<p><span style=\"font-family: verdana, geneva; font-size: small;\"><b>1961.<\/b> NB III D\u00e9lkeleti csoport: 8. hely, a HMTE megsz\u0171nik &#8211; MEDOSZ n\u00e9ven tev\u00e9kenykednek tov\u00e1bb.<\/span><\/p>\n<p><span style=\"font-family: verdana, geneva; font-size: small;\"><b>1965<\/b>. A MEDOSZ feljut az NB III-ba.<\/span><\/p>\n<p><span style=\"font-family: verdana, geneva; font-size: small;\"><b>1967.<\/b> A MEDOSZ \u00fajra feljut az NB III-ba, m\u00edg a H\u00f3dmez\u0151v\u00e1s\u00e1rhelyi Vasas a 7. helyen v\u00e9gez a megyei I.o. bajnoks\u00e1gban.<\/span><\/p>\n<p><span style=\"font-family: verdana, geneva; font-size: small;\"><b>1968.<\/b> NB III D\u00e9lkeleti csoport: 3. hely.<\/span><\/p>\n<p><span style=\"font-family: verdana, geneva; font-size: small;\"><b>1969.<\/b> NB III D\u00e9lkeleti csoport: 6. hely.<\/span><\/p>\n<p><span style=\"font-family: verdana, geneva; font-size: small;\"><b>1972<\/b>. NB III-as bajnoki METRIPOND &#8211; Mak\u00f3i Spartacus 1:0<\/span><\/p>\n<p><span style=\"font-family: verdana, geneva; font-size: small;\"><b>1974<\/b>. Egyes\u00fcl a H\u00d3DG\u00c9P \u00e9s a METRIPOND: HMSE n\u00e9ven. A labdar\u00fag\u00f3 csapatnak a megyei els\u0151 oszt\u00e1lyban kell kezdenie. A klub sz\u00ednei: piros &#8211; k\u00e9k.<\/span><\/p>\n<p><span style=\"font-family: verdana, geneva; font-size: small;\"><b>1977<\/b>. Ism\u00e9t NB III-as m\u00e9rk\u0151z\u00e9s, HMSE &#8211; Salg\u00f3tarj\u00e1ni S\u00edk\u00fcveggy\u00e1r 1:1, 2800 n\u00e9z\u0151. HMSE:<i>Ol\u00e1h &#8211; Sisa, Lancsa, G\u00e1bor, Csala &#8211; Antal, Bunda &#8211; K\u00e1pl\u00e1r &#8211; Kov\u00e1cs, T\u00f6r\u00f6k, Nagy L.<\/i><\/span><\/p>\n<p><span style=\"font-family: verdana, geneva; font-size: small;\"><b>1978<\/b>. Megsz\u0171nik az NB III, helyette h\u00e1rom NB II-es csoport alakul. HMSE &#8211; LEHEL SC 2:1 (1:1). 5500 n\u00e9z\u0151. G\u00f3ll\u00f6v\u0151ink: Magyar, B\u00e1lint dr.<\/span><\/p>\n<p><span style=\"font-family: verdana, geneva; font-size: small;\"><b>1979.<\/b> NB II Keleti csoport: 12.hely.<\/span><\/p>\n<p><span style=\"font-family: verdana, geneva; font-size: small;\"><b>1980<\/b>. Eger &#8211; HMSE 2:0, J\u00e1t\u00e9kosok: <i>Bugyik &#8211; K\u00e1ntor, B\u00e1lint dr.,Lancsa, Magyar, Feh\u00e9r, Feleki, Zielbauer (Olasz), Simai Peth\u0151 (N\u00e1dasdi), Stark<\/i>. Ezzel az eredm\u00e9nnyel harmadik helyez\u00e9st \u00e9r el a csapat az NB II-ben.<\/span><\/p>\n<p><span style=\"font-family: verdana, geneva; font-size: small;\"><b>1981.<\/b> NB II Keleti csoport: 3.hely.<\/span><\/p>\n<p><span style=\"font-family: verdana, geneva; font-size: small;\"><b>1982.<\/b> NB II Keleti csoport: 3.hely.<\/span><\/p>\n<p><span style=\"font-family: verdana, geneva; font-size: small;\"><b>1983.<\/b> H\u00f3dg\u00e9p-Metripond SE 6. helyen z\u00e1r a bajnoks\u00e1gban.<\/span><\/p>\n<p><span style=\"font-family: verdana, geneva; font-size: small;\"><img loading=\"lazy\" src=\"http:\/\/www.hfc1912.hu\/Files\/metripond_1.jpg\" alt=\"metripond_1.jpg\" width=\"60\" height=\"90\" \/><\/span><\/p>\n<p><span style=\"font-family: verdana, geneva; font-size: small;\"><b>1984.<\/b> NB II: 5. hely. A H\u00d3DG\u00c9P megsz\u00fcnteti az egyes\u00fclet t\u00e1mogat\u00e1s\u00e1t, \u00edgy \u00faj n\u00e9v a METRIPOND SE.<\/span><\/p>\n<p><span style=\"font-family: verdana, geneva; font-size: small;\"><b>1985<\/b>. Nemzeti Bajnoks\u00e1g II: 12. helyen v\u00e9gez a Metripond.<\/span><\/p>\n<p><span style=\"font-family: verdana, geneva; font-size: small;\"><b>1986<\/b>. Nemzeti Bajnoks\u00e1g II: 8. hely.<\/span><\/p>\n<p><span style=\"font-family: verdana, geneva; font-size: small;\"><b>1987<\/b>. NB II: 8. hely.<\/span><\/p>\n<p><span style=\"font-family: verdana, geneva; font-size: small;\"><b>1991.<\/b> Megsz\u0171nik Metripond SE, megalakul a HLC, amely 5 \u00e9vig funkcion\u00e1l.<\/span><\/p>\n<p><span style=\"font-family: verdana, geneva; font-size: small;\"><b>1993.<\/b> NB III Alf\u00f6ld csoport: 3. hely.<\/span><\/p>\n<p><span style=\"font-family: verdana, geneva; font-size: small;\"><b>1994.<\/b> A v\u00e1s\u00e1rhelyi csapat megnyeri az NB III Alf\u00f6ld csoportj\u00e1t \u00edgy \u0151sszel az NB II-ben kezd.<\/span><\/p>\n<p><span style=\"font-family: verdana, geneva; font-size: small;\"><b>1995.<\/b> H\u00f3dmez\u0151v\u00e1s\u00e1rhelyi VFC a 14. helyen v\u00e9gez a NB II Keleti csoportj\u00e1ban.<\/span><\/p>\n<p><span style=\"font-family: verdana, geneva; font-size: small;\"><b>1996.<\/b> A csapat kiesik a Nemzeti Bajnoks\u00e1g II Keleti csoportj\u00e1b\u00f3l. A V\u00edv\u00f3 p\u00e1r h\u00f3nap ut\u00e1n egyes\u00fcl a H\u00f3dmez\u0151v\u00e1s\u00e1rhely Astra csapat\u00e1val. K\u00e9k &#8211; s\u00e1rga innent\u0151l a klub sz\u00ednei.<\/span><\/p>\n<p><span style=\"font-family: verdana, geneva; font-size: small;\"><b>1997.<\/b> NB III Alf\u00f6ld csoport: 10. hely.<\/span><\/p>\n<p><span style=\"font-family: verdana, geneva; font-size: small;\"><img loading=\"lazy\" src=\"http:\/\/www.hfc1912.hu\/Files\/regi_cimer.jpg\" alt=\"regi_cimer.jpg\" width=\"81\" height=\"90\" \/><\/span><\/p>\n<p><span style=\"font-size: small;\"><span style=\"font-family: verdana, geneva;\"><b>1998.<\/b> NB III Alf\u00f6ld csoport: 5. hely. Az Astra hely\u00e9n megalakul a H\u00f3dmez\u0151v\u00e1s\u00e1rhelyi Futball Club (HFC).<\/span><\/span><\/p>\n<p><span style=\"font-size: small;\"><span style=\"font-family: verdana, geneva;\"><b>1999.<\/b> NB III Alf\u00f6ld csoport: 4. hely.<\/span><\/span><\/p>\n<p><span style=\"font-size: small;\"><span style=\"font-family: verdana, geneva;\"><b>2000.<\/b> NB III Alf\u00f6ld csoport: 2. hely.<\/span><\/span><\/p>\n<p><span style=\"font-size: small;\"><span style=\"font-family: verdana, geneva;\"><b>2001. <\/b>NB III Alf\u00f6ld csoport: 9. hely.<\/span><\/span><\/p>\n<p><span style=\"font-size: small;\"><span style=\"font-family: verdana, geneva;\"><b>2002.<\/b> nyara: az egyes\u00fclet anyagi cs\u0151dben, az \u00faj klubvezet\u00e9ssel a HFC a &#8220;null\u00e1r\u00f3l&#8221; folytatja az NB III-as bajnoks\u00e1gban.<\/span><\/span><\/p>\n<p><span style=\"font-size: small;\"><span style=\"font-family: verdana, geneva;\"><b>2005.<\/b> NB III Alf\u00f6ld csoport: 8. hely<\/span><\/span><\/p>\n<p><span style=\"font-size: small;\"><span style=\"font-family: verdana, geneva;\"><b>2006.<\/b> NB III Alf\u00f6ld csoport: 9. hely.<\/span><\/span><\/p>\n<p><span style=\"font-size: small;\"><span style=\"font-family: verdana, geneva;\"><b>2007.<\/b> NB III Alf\u00f6ld csoport: 2. hely, de anyagi okok miatt nem v\u00e1llalja az egyes\u00fclet a m\u00e1sod oszt\u00e1lyban az indul\u00e1st.<\/span><\/span><\/p>\n<p><span style=\"font-size: small;\"><span style=\"font-family: verdana, geneva;\"><b>2008.<\/b> NB III Alf\u00f6ld csoport: 11. hely. \u00daj, vil\u00e1g\u00edt\u00e1ssal ell\u00e1tott m\u0171f\u00fcves edz\u0151p\u00e1lya a salakos hely\u00e9n.<\/span><\/span><\/p>\n<p><span style=\"font-size: small;\"><span style=\"font-family: verdana, geneva;\"><b>2009.<\/b> NB III Alf\u00f6ld csoport: 6. hely.<\/span><\/span><\/p>\n<p><span style=\"font-family: verdana, geneva; font-size: small;\"><span style=\"font-family: verdana, geneva;\"><b>2010.<\/b> NB III Alf\u00f6ld csoport: 7. hely.<\/span><\/span><\/p>\n<p><span style=\"font-family: verdana, geneva; font-size: small;\"><a href=\"http:\/\/www.hfc1912.hu\/Files\/HFC1912.gif\"><img loading=\"lazy\" src=\"http:\/\/www.hfc1912.hu\/Files\/HFC1912.gif\" alt=\"HFC1912.gif\" width=\"99\" height=\"90\" border=\"0\" \/><\/a><\/span><\/p>\n<p><span style=\"font-size: small;\"><span style=\"font-family: verdana, geneva;\"><b>2011. <\/b><\/span><span style=\"font-family: verdana, geneva;\">NB III Alf\u00f6ld csoport: 10. hely.<\/span><\/span><\/p>\n<p><span style=\"font-family: verdana, geneva;\"><span style=\"font-size: small;\"><b>2012. <\/b>NB III Alf\u00f6ld csoport: 11. hely. Megkezd\u0151dik a stadion fel\u00faj\u00edt\u00e1sa.<\/span><\/span><\/p>\n<p><b>2013. <\/b>A HFC kiesik a NB.III-b\u00f3l. Az ut\u00e1np\u00f3tl\u00e1s csapatok viszont, j\u00f3 \u00e9vadot z\u00e1rnak.<\/p>\n<p><b>2014.<\/b> A megyei I.oszt\u00e1lyban 6.helyen v\u00e9gez a HFC. A f\u00fcves p\u00e1ly\u00e1k fel\u00faj\u00edt\u00e1sa befejez\u0151dik \u00e9s \u00e1tadj\u00e1k az \u00faj 60x40m\u00e9teres vil\u00e1g\u00edt\u00e1ssal ell\u00e1tott m\u0171f\u00fcves p\u00e1ly\u00e1t.<\/p>\n<p><b>2015.<\/b> A HFC veretlen\u00fcl nyeri meg a megyei I.oszt\u00e1lyt \u00e9s feljut az NB III-ba. Az \u00faj \u00f6lt\u00f6z\u0151 \u00e9p\u00fclet \u00e1tad\u00e1sra ker\u00fcl \u00e9s elk\u00e9sz\u00fcl a nagy m\u0171f\u00fcves p\u00e1lya bor\u00edt\u00e1s\u00e1nak cser\u00e9je valamint a 64&#215;44 m\u00e9teres \u00faj m\u0171f\u00fcves p\u00e1lya.<\/p>\n<p>&nbsp;<\/p>\n<p>&nbsp;<\/p>\n<p>Forr\u00e1sok: Szab\u00f3 Ern\u0151 &#8220;100 \u00e9ves V\u00e1s\u00e1rhely Sportja&#8221;, 1988.; <a href=\"http:\/\/www.magyarfutball.hu\/hu\/bajnoki-mult\/2\" target=\"_blank\">magyarfutball.hu<\/a><\/p>\n","protected":false},"excerpt":{"rendered":"<p>A v\u00e1s\u00e1rhelyi foci t\u00f6rt\u00e9nete 1912. Megalakul a &#8220;Munk\u00e1s&#8221; &#8211; H\u00f3dmez\u0151v\u00e1s\u00e1rhely Munk\u00e1s Testedz\u0151 Egyes\u00fclet (HMTE) &#8211; labdar\u00fag\u00f3 szakoszt\u00e1lya. Az els\u0151 meccs\u00e9t a szegedi MTE ellen j\u00e1tszotta&#8230;<\/p>\n","protected":false},"author":1,"featured_media":0,"parent":0,"menu_order":0,"comment_status":"closed","ping_status":"closed","template":"","meta":[],"yoast_head":"<!-- This site is optimized with the Yoast SEO plugin v19.8 - https:\/\/yoast.com\/wordpress\/plugins\/seo\/ -->\n<title>A v\u00e1s\u00e1rhelyi foci t\u00f6rt\u00e9nete - H\u00f3dmez\u0151v\u00e1s\u00e1rhelyi Futball Club<\/title>\n<meta name=\"robots\" content=\"index, follow, max-snippet:-1, max-image-preview:large, max-video-preview:-1\" \/>\n<link rel=\"canonical\" href=\"http:\/\/www.hfc1912.hu\/new\/a-vasarhelyi-foci-tortenete\/\" \/>\n<meta property=\"og:locale\" content=\"hu_HU\" \/>\n<meta property=\"og:type\" content=\"article\" \/>\n<meta property=\"og:title\" content=\"A v\u00e1s\u00e1rhelyi foci t\u00f6rt\u00e9nete - H\u00f3dmez\u0151v\u00e1s\u00e1rhelyi Futball Club\" \/>\n<meta property=\"og:description\" content=\"A v\u00e1s\u00e1rhelyi foci t\u00f6rt\u00e9nete 1912. Megalakul a &#8220;Munk\u00e1s&#8221; &#8211; H\u00f3dmez\u0151v\u00e1s\u00e1rhely Munk\u00e1s Testedz\u0151 Egyes\u00fclet (HMTE) &#8211; labdar\u00fag\u00f3 szakoszt\u00e1lya. Az els\u0151 meccs\u00e9t a szegedi MTE ellen j\u00e1tszotta...\" \/>\n<meta property=\"og:url\" content=\"http:\/\/www.hfc1912.hu\/new\/a-vasarhelyi-foci-tortenete\/\" \/>\n<meta property=\"og:site_name\" content=\"H\u00f3dmez\u0151v\u00e1s\u00e1rhelyi Futball Club\" \/>\n<meta property=\"og:image\" content=\"http:\/\/www.hfc1912.hu\/Files\/metripond_1.jpg\" \/>\n<meta name=\"twitter:card\" content=\"summary_large_image\" \/>\n<meta name=\"twitter:label1\" content=\"Est. reading time\" \/>\n\t<meta name=\"twitter:data1\" content=\"6 perc\" \/>\n<script type=\"application\/ld+json\" class=\"yoast-schema-graph\">{\"@context\":\"https:\/\/schema.org\",\"@graph\":[{\"@type\":\"WebPage\",\"@id\":\"http:\/\/www.hfc1912.hu\/new\/a-vasarhelyi-foci-tortenete\/\",\"url\":\"http:\/\/www.hfc1912.hu\/new\/a-vasarhelyi-foci-tortenete\/\",\"name\":\"A v\u00e1s\u00e1rhelyi foci t\u00f6rt\u00e9nete - H\u00f3dmez\u0151v\u00e1s\u00e1rhelyi Futball Club\",\"isPartOf\":{\"@id\":\"http:\/\/www.hfc1912.hu\/new\/#website\"},\"datePublished\":\"2016-10-17T14:52:45+00:00\",\"dateModified\":\"2016-10-17T14:52:45+00:00\",\"breadcrumb\":{\"@id\":\"http:\/\/www.hfc1912.hu\/new\/a-vasarhelyi-foci-tortenete\/#breadcrumb\"},\"inLanguage\":\"hu\",\"potentialAction\":[{\"@type\":\"ReadAction\",\"target\":[\"http:\/\/www.hfc1912.hu\/new\/a-vasarhelyi-foci-tortenete\/\"]}]},{\"@type\":\"BreadcrumbList\",\"@id\":\"http:\/\/www.hfc1912.hu\/new\/a-vasarhelyi-foci-tortenete\/#breadcrumb\",\"itemListElement\":[{\"@type\":\"ListItem\",\"position\":1,\"name\":\"Home\",\"item\":\"http:\/\/www.hfc1912.hu\/new\/\"},{\"@type\":\"ListItem\",\"position\":2,\"name\":\"A v\u00e1s\u00e1rhelyi foci t\u00f6rt\u00e9nete\"}]},{\"@type\":\"WebSite\",\"@id\":\"http:\/\/www.hfc1912.hu\/new\/#website\",\"url\":\"http:\/\/www.hfc1912.hu\/new\/\",\"name\":\"H\u00f3dmez\u0151v\u00e1s\u00e1rhelyi Futball Club\",\"description\":\"H\u00f3dmez\u0151v\u00e1s\u00e1rhelyi Futball Club hivatalos honlapja\",\"publisher\":{\"@id\":\"http:\/\/www.hfc1912.hu\/new\/#organization\"},\"potentialAction\":[{\"@type\":\"SearchAction\",\"target\":{\"@type\":\"EntryPoint\",\"urlTemplate\":\"http:\/\/www.hfc1912.hu\/new\/?s={search_term_string}\"},\"query-input\":\"required name=search_term_string\"}],\"inLanguage\":\"hu\"},{\"@type\":\"Organization\",\"@id\":\"http:\/\/www.hfc1912.hu\/new\/#organization\",\"name\":\"H\u00f3dmez\u0151v\u00e1s\u00e1rhelyi Futball Club\",\"url\":\"http:\/\/www.hfc1912.hu\/new\/\",\"sameAs\":[],\"logo\":{\"@type\":\"ImageObject\",\"inLanguage\":\"hu\",\"@id\":\"http:\/\/www.hfc1912.hu\/new\/#\/schema\/logo\/image\/\",\"url\":\"http:\/\/www.hfc1912.hu\/new\/wp-content\/uploads\/2021\/12\/cropped-V\u00e9gleges_c\u00edmer_atlatszo150162.png\",\"contentUrl\":\"http:\/\/www.hfc1912.hu\/new\/wp-content\/uploads\/2021\/12\/cropped-V\u00e9gleges_c\u00edmer_atlatszo150162.png\",\"width\":150,\"height\":162,\"caption\":\"H\u00f3dmez\u0151v\u00e1s\u00e1rhelyi Futball Club\"},\"image\":{\"@id\":\"http:\/\/www.hfc1912.hu\/new\/#\/schema\/logo\/image\/\"}}]}<\/script>\n<!-- \/ Yoast SEO plugin. -->","yoast_head_json":{"title":"A v\u00e1s\u00e1rhelyi foci t\u00f6rt\u00e9nete - H\u00f3dmez\u0151v\u00e1s\u00e1rhelyi Futball Club","robots":{"index":"index","follow":"follow","max-snippet":"max-snippet:-1","max-image-preview":"max-image-preview:large","max-video-preview":"max-video-preview:-1"},"canonical":"http:\/\/www.hfc1912.hu\/new\/a-vasarhelyi-foci-tortenete\/","og_locale":"hu_HU","og_type":"article","og_title":"A v\u00e1s\u00e1rhelyi foci t\u00f6rt\u00e9nete - H\u00f3dmez\u0151v\u00e1s\u00e1rhelyi Futball Club","og_description":"A v\u00e1s\u00e1rhelyi foci t\u00f6rt\u00e9nete 1912. Megalakul a &#8220;Munk\u00e1s&#8221; &#8211; H\u00f3dmez\u0151v\u00e1s\u00e1rhely Munk\u00e1s Testedz\u0151 Egyes\u00fclet (HMTE) &#8211; labdar\u00fag\u00f3 szakoszt\u00e1lya. Az els\u0151 meccs\u00e9t a szegedi MTE ellen j\u00e1tszotta...","og_url":"http:\/\/www.hfc1912.hu\/new\/a-vasarhelyi-foci-tortenete\/","og_site_name":"H\u00f3dmez\u0151v\u00e1s\u00e1rhelyi Futball Club","og_image":[{"url":"http:\/\/www.hfc1912.hu\/Files\/metripond_1.jpg"}],"twitter_card":"summary_large_image","twitter_misc":{"Est. reading time":"6 perc"},"schema":{"@context":"https:\/\/schema.org","@graph":[{"@type":"WebPage","@id":"http:\/\/www.hfc1912.hu\/new\/a-vasarhelyi-foci-tortenete\/","url":"http:\/\/www.hfc1912.hu\/new\/a-vasarhelyi-foci-tortenete\/","name":"A v\u00e1s\u00e1rhelyi foci t\u00f6rt\u00e9nete - H\u00f3dmez\u0151v\u00e1s\u00e1rhelyi Futball Club","isPartOf":{"@id":"http:\/\/www.hfc1912.hu\/new\/#website"},"datePublished":"2016-10-17T14:52:45+00:00","dateModified":"2016-10-17T14:52:45+00:00","breadcrumb":{"@id":"http:\/\/www.hfc1912.hu\/new\/a-vasarhelyi-foci-tortenete\/#breadcrumb"},"inLanguage":"hu","potentialAction":[{"@type":"ReadAction","target":["http:\/\/www.hfc1912.hu\/new\/a-vasarhelyi-foci-tortenete\/"]}]},{"@type":"BreadcrumbList","@id":"http:\/\/www.hfc1912.hu\/new\/a-vasarhelyi-foci-tortenete\/#breadcrumb","itemListElement":[{"@type":"ListItem","position":1,"name":"Home","item":"http:\/\/www.hfc1912.hu\/new\/"},{"@type":"ListItem","position":2,"name":"A v\u00e1s\u00e1rhelyi foci t\u00f6rt\u00e9nete"}]},{"@type":"WebSite","@id":"http:\/\/www.hfc1912.hu\/new\/#website","url":"http:\/\/www.hfc1912.hu\/new\/","name":"H\u00f3dmez\u0151v\u00e1s\u00e1rhelyi Futball Club","description":"H\u00f3dmez\u0151v\u00e1s\u00e1rhelyi Futball Club hivatalos honlapja","publisher":{"@id":"http:\/\/www.hfc1912.hu\/new\/#organization"},"potentialAction":[{"@type":"SearchAction","target":{"@type":"EntryPoint","urlTemplate":"http:\/\/www.hfc1912.hu\/new\/?s={search_term_string}"},"query-input":"required name=search_term_string"}],"inLanguage":"hu"},{"@type":"Organization","@id":"http:\/\/www.hfc1912.hu\/new\/#organization","name":"H\u00f3dmez\u0151v\u00e1s\u00e1rhelyi Futball Club","url":"http:\/\/www.hfc1912.hu\/new\/","sameAs":[],"logo":{"@type":"ImageObject","inLanguage":"hu","@id":"http:\/\/www.hfc1912.hu\/new\/#\/schema\/logo\/image\/","url":"http:\/\/www.hfc1912.hu\/new\/wp-content\/uploads\/2021\/12\/cropped-V\u00e9gleges_c\u00edmer_atlatszo150162.png","contentUrl":"http:\/\/www.hfc1912.hu\/new\/wp-content\/uploads\/2021\/12\/cropped-V\u00e9gleges_c\u00edmer_atlatszo150162.png","width":150,"height":162,"caption":"H\u00f3dmez\u0151v\u00e1s\u00e1rhelyi Futball Club"},"image":{"@id":"http:\/\/www.hfc1912.hu\/new\/#\/schema\/logo\/image\/"}}]}},"_links":{"self":[{"href":"http:\/\/www.hfc1912.hu\/new\/wp-json\/wp\/v2\/pages\/740"}],"collection":[{"href":"http:\/\/www.hfc1912.hu\/new\/wp-json\/wp\/v2\/pages"}],"about":[{"href":"http:\/\/www.hfc1912.hu\/new\/wp-json\/wp\/v2\/types\/page"}],"author":[{"embeddable":true,"href":"http:\/\/www.hfc1912.hu\/new\/wp-json\/wp\/v2\/users\/1"}],"replies":[{"embeddable":true,"href":"http:\/\/www.hfc1912.hu\/new\/wp-json\/wp\/v2\/comments?post=740"}],"version-history":[{"count":1,"href":"http:\/\/www.hfc1912.hu\/new\/wp-json\/wp\/v2\/pages\/740\/revisions"}],"predecessor-version":[{"id":741,"href":"http:\/\/www.hfc1912.hu\/new\/wp-json\/wp\/v2\/pages\/740\/revisions\/741"}],"wp:attachment":[{"href":"http:\/\/www.hfc1912.hu\/new\/wp-json\/wp\/v2\/media?parent=740"}],"curies":[{"name":"wp","href":"https:\/\/api.w.org\/{rel}","templated":true}]}}