{"id":755,"date":"2016-10-18T13:25:45","date_gmt":"2016-10-18T13:25:45","guid":{"rendered":"http:\/\/www.hfc1912.hu\/new\/?page_id=755"},"modified":"2016-10-18T13:26:41","modified_gmt":"2016-10-18T13:26:41","slug":"etikai-kodex-es-fegyelmi-szabalyzat","status":"publish","type":"page","link":"http:\/\/www.hfc1912.hu\/new\/etikai-kodex-es-fegyelmi-szabalyzat\/","title":{"rendered":"Etikai k\u00f3dex \u00e9s fegyelmi szab\u00e1lyzat"},"content":{"rendered":"<h2 style=\"text-align: center;\"><img loading=\"lazy\" class=\"aligncenter wp-image-757\" src=\"http:\/\/www.hfc1912.hu\/new\/wp-content\/uploads\/2016\/10\/hfc_mozaik.jpg\" alt=\"hfc_mozaik\" width=\"750\" height=\"280\" srcset=\"http:\/\/www.hfc1912.hu\/new\/wp-content\/uploads\/2016\/10\/hfc_mozaik.jpg 950w, http:\/\/www.hfc1912.hu\/new\/wp-content\/uploads\/2016\/10\/hfc_mozaik-300x112.jpg 300w, http:\/\/www.hfc1912.hu\/new\/wp-content\/uploads\/2016\/10\/hfc_mozaik-768x287.jpg 768w, http:\/\/www.hfc1912.hu\/new\/wp-content\/uploads\/2016\/10\/hfc_mozaik-128x48.jpg 128w, http:\/\/www.hfc1912.hu\/new\/wp-content\/uploads\/2016\/10\/hfc_mozaik-32x12.jpg 32w\" sizes=\"(max-width: 750px) 100vw, 750px\" \/><\/h2>\n<h2 style=\"text-align: center;\">ETIKAI K\u00d3DEX<\/h2>\n<p>Az etikai k\u00f3dex a H\u00f3dmez\u0151v\u00e1s\u00e1rhelyi Futball Club (HFC) sz\u00e1m\u00e1ra kijel\u00f6li azokat az \u00e9rt\u00e9keket, norm\u00e1kat, elv\u00e1rhat\u00f3 magatart\u00e1si \u00e9s viselked\u00e9si form\u00e1kat, amelyeket a HFC minden tagj\u00e1nak k\u00f6vetnie kell.<\/p>\n<p>A HFC \u00e9rt\u00e9kei \u00e9s tagjaival szembeni elv\u00e1r\u00e1sok a k\u00f6vetkez\u0151k:<\/p>\n<ul>\n<li>A HFC kell, hogy a legfontosabb legyen az egy\u00e9n sz\u00e1m\u00e1ra.<\/li>\n<li>A HFC tagjainak k\u00e9pesnek kell lenni a klub \u00e9rdekeit \u00e9s saj\u00e1t egy\u00e9ni \u00e9rdekei fel\u00e9 rendelni.<\/li>\n<li>A HFC a k\u00f6vetkez\u0151 \u00e9rt\u00e9keket el\u0151remutat\u00f3nak tartja:\n<ul>\n<li>P\u00e9ldamutat\u00e1s.<\/li>\n<li>Szorgalom.<\/li>\n<li>Nagy munkab\u00edr\u00e1s.<\/li>\n<li>Kitart\u00e1s.<\/li>\n<li>Nem panaszkodik, a megold\u00e1sok fel\u00e9 pr\u00f3b\u00e1l cselekedni.<\/li>\n<li>K\u00e9pes \u00e9s hajland\u00f3 seg\u00edts\u00e9get k\u00e9rni.<\/li>\n<li>K\u00e9pes \u00e9s hajland\u00f3 seg\u00edts\u00e9get ny\u00fajtani azoknak, akik k\u00e9rik ezt, vagy sz\u00fcks\u00e9g\u00fck van r\u00e1.<\/li>\n<li>Az \u00faj HFC tagokkal kapcsolatban befogad\u00f3, \u00e9s seg\u00edti a beilleszked\u00e9s\u00e9t, mert minden \u00faj taggal a HFC er\u0151sebb lehet.<\/li>\n<li>A felettese \u00fatmutat\u00e1sait, ir\u00e1ny\u00edt\u00e1s\u00e1t megpr\u00f3b\u00e1lja legjobb tud\u00e1sa szerint v\u00e9grehajtani.<\/li>\n<\/ul>\n<\/li>\n<li>A HFC tagjait nem kritiz\u00e1lja nyilv\u00e1nosan.<\/li>\n<li>Szem\u00e9lyes konfliktusait egy\u00e9ni besz\u00e9lget\u00e9s keretein bel\u00fcl pr\u00f3b\u00e1lja tiszt\u00e1zni.<\/li>\n<li>A klubban t\u00f6rt\u00e9nt esem\u00e9nyeket, illetve azokat az inform\u00e1ci\u00f3kat, amelyek a HFC keretein bel\u00fcl tudom\u00e1s\u00e1ra jutnak, harmadik f\u00e9l sz\u00e1m\u00e1ra nem teszi el\u00e9rhet\u0151v\u00e9.<\/li>\n<li>K\u00e9pes elfogadni a kritik\u00e1t \u00e9s hajland\u00f3 tenni az\u00e9rt, hogy ezeket kijav\u00edtsa.<\/li>\n<li>Tisztelettud\u00f3 a HFC minden egyes tagj\u00e1val szemben.<\/li>\n<li>Nem tesz k\u00fcl\u00f6nbs\u00e9get sz\u00e1rmaz\u00e1si, faji, etnikai, nemi, \u00e9letkori, szoci\u00e1lis vagy egy\u00e9b kirekeszt\u0151 form\u00e1ban emberek k\u00f6z\u00f6tt.<\/li>\n<li>Folyamatosan fejl\u0151dni akar.<\/li>\n<li>A tanul\u00e1sban, munk\u00e1ban \u00e9s mag\u00e1n\u00e9letben megpr\u00f3b\u00e1l a fenti \u00e9rt\u00e9keknek \u00e9s viselked\u00e9snek legjobb tud\u00e1sa szerint megfelelni.<\/li>\n<li>S\u00e9r\u00fcl\u00e9st, betegs\u00e9get jelezni kell az edz\u0151nek.<\/li>\n<li>Az orvosi utas\u00edt\u00e1sokat a gy\u00f3gyul\u00e1s \u00e9rdek\u00e9ben betartja.<\/li>\n<li>A tagok tudom\u00e1sul veszik, hogy a HFC vezet\u00e9se \u00e9rt\u00e9keli a tagok munk\u00e1j\u00e1t, nem megfelel\u0151 fejl\u0151d\u00e9s eset\u00e9n a szakmai vezet\u00e9s javaslatot tehet a HFC elhagy\u00e1s\u00e1ra.<\/li>\n<li>A HFC tagjai felettes\u00fck \u00e1ltal megjel\u00f6lt helyen \u00e9s id\u0151ben k\u00f6telesek megjelenni.<\/li>\n<li>A HFC tagjai rendezv\u00e9nyeken, m\u00e9rk\u0151z\u00e9seken, edz\u00e9sen a szakmai st\u00e1b \u00e1ltal meghat\u00e1rozott szerel\u00e9sben jelenhetnek meg.<\/li>\n<li>Minden tagnak k\u00f6teless\u00e9ge v\u00e9deni a r\u00e1b\u00edzott \u00e9s k\u00f6z\u00f6sen haszn\u00e1lt felszerel\u00e9s \u00e9ps\u00e9g\u00e9t.<\/li>\n<li>Haszn\u00e1latra \u00e1tvett t\u00e1rgyak\u00e9rt anyagi felel\u0151ss\u00e9ggel tartozik.<\/li>\n<li>A tagok betartj\u00e1k az \u00f6lt\u00f6z\u0151 \u00e9s WC higi\u00e9niai szab\u00e1lyokat.<\/li>\n<li>Az \u00f6lt\u00f6z\u0151ben a ruh\u00e1zatot, a felszerel\u00e9st rendeltet\u00e9sszer\u0171en kell t\u00e1rolni.<\/li>\n<li>Az \u00f6lt\u00f6z\u0151ben a labdar\u00fag\u00f3 felszerel\u00e9s\u00e9n \u00e9s saj\u00e1t ruh\u00e1zat\u00e1n k\u00edv\u00fcl csak a foglalkoz\u00e1sokkal kapcsolatos eszk\u00f6z\u00f6k tarthat\u00f3ak.<\/li>\n<li>A j\u00e1t\u00e9kos k\u00f6teles az \u00f6lt\u00f6z\u0151i szab\u00e1lyokat betartani.<\/li>\n<li>A HFC &#8211; n k\u00edv\u00fcli sporttev\u00e9kenys\u00e9g nem enged\u00e9lyezett, indokolt esetben a klub enged\u00e9ly\u00e9vel lehets\u00e9ges.<\/li>\n<li>A r\u00e1b\u00edzott csapatot az edz\u0151nek k\u00f6teless\u00e9ge a HFC k\u00f6vetelm\u00e9nyeinek megfelel\u0151en felk\u00e9sz\u00edteni.<\/li>\n<li>A sz\u00fcl\u0151k rendszeres t\u00e1j\u00e9koztat\u00e1sa az erre kijel\u00f6lt, vagy az edz\u0151 szem\u00e9ly\u00e9n kereszt\u00fcl t\u00f6rt\u00e9nik, ezen k\u00edv\u00fcl a HFC koroszt\u00e1lyonk\u00e9nt, f\u00e9l\u00e9vente sz\u00fcl\u0151i \u00e9rtekezletet tart.<\/li>\n<li>A sz\u00fcl\u0151k a sportrendezv\u00e9nyeken k\u00f6telesek a HFC nev\u00e9hez m\u00e9lt\u00f3an viselkedni, etik\u00e1tlan cselekedett\u0151l, az ellenf\u00e9l szidalmaz\u00e1s\u00e1t\u00f3l, a tr\u00e1g\u00e1r bekiab\u00e1l\u00e1sokt\u00f3l, szakmai utas\u00edt\u00e1sokt\u00f3l tarts\u00e1k t\u00e1vol magukat. Lehet\u0151s\u00e9geikhez m\u00e9rten objekt\u00edven \u00edt\u00e9lj\u00e9k meg a j\u00e1t\u00e9kosok viselked\u00e9s\u00e9t.<\/li>\n<li>A HFC tagjainak van humor\u00e9rz\u00e9ke.<\/li>\n<\/ul>\n<p>A fenti etikai k\u00f3dex a HFC minden egyes tagj\u00e1ra vonatkozik, a k\u00f3dex megs\u00e9rt\u00e9se \u00fcgy\u00e9ben a fegyelmi szab\u00e1lyzat \u00fatmutat\u00e1sai alapj\u00e1n a HFC Igazgat\u00f3 Tan\u00e1csa fog d\u00f6nt\u00e9st hozni.<\/p>\n<p>Az etikai k\u00f3dex \u00e9s a fegyelmi szab\u00e1lyzat nyilv\u00e1nos, hozz\u00e1f\u00e9rhet\u0151 a HFC irod\u00e1j\u00e1ban illetve a hivatalos honlapon.<\/p>\n<h2 style=\"text-align: center;\">Fegyelmi szab\u00e1lyzat<\/h2>\n<p>1) A fegyelmi szab\u00e1lyzat a HFC \u00f6sszes tagj\u00e1ra vonatkozik, az etikai k\u00f3dex megs\u00e9rt\u00e9se, illetve fegyelmi v\u00e9ts\u00e9g eset\u00e9n az Igazgat\u00f3 Tan\u00e1cs hoz d\u00f6nt\u00e9seket.<\/p>\n<p>2) S\u00falyos fegyelmezetlens\u00e9g:<br \/>\nS\u00falyos v\u00e9ts\u00e9get k\u00f6vet el az a szem\u00e9ly, aki alkohol befoly\u00e1sa alatt jelenik meg sportol\u00f3i tev\u00e9kenys\u00e9g el\u0151tt, k\u00f6zben, ut\u00e1n. A j\u00e1t\u00e9kosoknak m\u00e9rk\u0151z\u00e9sek el\u0151tt tilos nyilv\u00e1nos sz\u00f3rakoz\u00f3helyeken tart\u00f3zkodni. A HFC j\u00e1t\u00e9kos a klub ter\u00fclet\u00e9n tart\u00f3zkodjon a doh\u00e1nyz\u00e1st\u00f3l, a k\u00e1b\u00edt\u00f3szer haszn\u00e1lata szigor\u00faan TILOS!<br \/>\nA lop\u00e1s s\u00falyos fegyelmezetlens\u00e9gnek min\u0151s\u00fcl, amely rend\u0151rs\u00e9gi elj\u00e1r\u00e1st, illetve az egyes\u00fcletb\u0151l val\u00f3 kiz\u00e1r\u00e1st vonhat maga ut\u00e1n.<br \/>\nHa a szem\u00e9ly megszegi az etikai k\u00f3dexben meghat\u00e1rozott alapelveket, akkor vele szemben fegyelmi elj\u00e1r\u00e1s kezdem\u00e9nyezhet\u0151.<\/p>\n<p>3) Fegyelmi szab\u00e1lyok:<br \/>\nMinden egyes fegyelmezetlens\u00e9get nem lehet defini\u00e1lni, amelyek fegyelmi elj\u00e1r\u00e1sokhoz vezethetnek, viszont a k\u00f6r\u00fclm\u00e9nyek figyelembe v\u00e9tel\u00e9vel fegyelmi elj\u00e1r\u00e1sok kezdem\u00e9nyezhet\u0151k ha:<\/p>\n<ul>\n<li>a szem\u00e9ly megszegi az etikai k\u00f3dexet,<\/li>\n<li>nem k\u00f6veti a struktur\u00e1lis kialak\u00edt\u00e1s\u00e1ban felettese utas\u00edt\u00e1s\u00e1t,<\/li>\n<li>nem jelenik meg a megbesz\u00e9lt id\u0151pontokban (nem jelzi, \u00e9s nem igazolja),<\/li>\n<li>m\u00e1s munkahelyen is dolgozik, \u00e9s ezt nem egyezteti a HFC-vel,<\/li>\n<li>a bizalmass\u00e1g megszeg\u00e9se,<\/li>\n<li>munkav\u00e9gz\u00e9s k\u00f6zben alkohol vagy k\u00e1b\u00edt\u00f3szer befoly\u00e1sol\u00e1sa alatt \u00e1ll,<\/li>\n<li>amennyiben a klubon k\u00edv\u00fcli viselked\u00e9se s\u00falyosan s\u00e9rti a klub \u00e9rdekeit.<br \/>\nAki s\u00falyos fegyelmi v\u00e9ts\u00e9get k\u00f6vet el, azonnali fegyelmi elj\u00e1r\u00e1sban r\u00e9szes\u00fcl:<\/li>\n<li>hazugs\u00e1g,<\/li>\n<li>lop\u00e1s,<\/li>\n<li>s\u00falyos rong\u00e1l\u00e1s,<\/li>\n<li>m\u00e1ssal szembeni agressz\u00edv viselked\u00e9s,<\/li>\n<li>tettlegess\u00e9g,<\/li>\n<li>elhanyagol\u00e1sa a mindennapi munk\u00e1nak, amely k\u00e1rt okoz a klubnak,<\/li>\n<li>sz\u00e1nd\u00e9kos k\u00e1rokoz\u00e1s a klub tulajdon\u00e1ban.<\/li>\n<\/ul>\n<p>4) Fegyelmi elj\u00e1r\u00e1sok:<br \/>\nKev\u00e9sb\u00e9 s\u00falyos v\u00e9ts\u00e9gek eset\u00e9n a felettese sz\u00f3beli megrov\u00e1sban r\u00e9szes\u00edtheti a fegyelmi v\u00e9ts\u00e9get elk\u00f6vet\u0151t. Sz\u00f3beli megrov\u00e1s eset\u00e9n is az Igazgat\u00f3 Tan\u00e1cs hozz\u00e1j\u00e1rul\u00e1sa sz\u00fcks\u00e9ges.<br \/>\nAmennyiben az Igazgat\u00f3 Tan\u00e1cs s\u00falyosnak \u00edt\u00e9li meg a fegyelmi v\u00e9ts\u00e9get, \u00fagy fegyelmi elj\u00e1r\u00e1s kezdem\u00e9nyezhet\u0151. A fegyelmi elj\u00e1r\u00e1s keretein bel\u00fcl a HFC kivizsg\u00e1lja a k\u00f6r\u00fclm\u00e9nyeket, egy az \u00fcgyben nem \u00e9rintett szem\u00e9ly \u00e1ltal. A kivizsg\u00e1l\u00e1s sor\u00e1n mindk\u00e9t f\u00e9l \u00e1ll\u00e1spontja r\u00f6gz\u00edt\u00e9sre ker\u00fcl, \u00e9s beterjeszt\u00e9sre ker\u00fcl az Igazgat\u00f3 Tan\u00e1cshoz. Az Igazgat\u00f3 Tan\u00e1cs a vizsg\u00e1lat v\u00e9gezt\u00e9vel fegyelmi elj\u00e1r\u00e1st kezdem\u00e9nyezhet, ahol mindk\u00e9t f\u00e9l meghallgat\u00e1sa ut\u00e1n, illetve a vizsg\u00e1lat eredm\u00e9ny\u00e9nek figyelembev\u00e9tel\u00e9vel d\u00f6nt\u00e9st hoz.<\/p>\n<ol>\n<li>Felment\u00e9s a v\u00e1dak al\u00f3l.<\/li>\n<li>\u00cdr\u00e1sbeli figyelmeztet\u00e9s.<\/li>\n<li>A HFC tag felf\u00fcggeszt\u00e9se az edz\u00e9sekr\u0151l, meccsekr\u0151l (a felf\u00fcggeszt\u00e9s m\u00e9rt\u00e9ke f\u00fcgg az \u00fcgy s\u00falyoss\u00e1g\u00e1t\u00f3l).<br \/>\n\u00cdr\u00e1sbeli kiz\u00e1r\u00e1s.<\/li>\n<li>Az etikai k\u00f3dex \u00e9s a fegyelmi szab\u00e1lyzat nyilv\u00e1nos, hozz\u00e1f\u00e9rhet\u0151 a HFC irod\u00e1j\u00e1ban illetve a honlapon.<\/li>\n<\/ol>\n","protected":false},"excerpt":{"rendered":"<p>ETIKAI K\u00d3DEX Az etikai k\u00f3dex a H\u00f3dmez\u0151v\u00e1s\u00e1rhelyi Futball Club (HFC) sz\u00e1m\u00e1ra kijel\u00f6li azokat az \u00e9rt\u00e9keket, norm\u00e1kat, elv\u00e1rhat\u00f3 magatart\u00e1si \u00e9s viselked\u00e9si form\u00e1kat, amelyeket a HFC minden&#8230;<\/p>\n","protected":false},"author":1,"featured_media":0,"parent":0,"menu_order":0,"comment_status":"closed","ping_status":"closed","template":"","meta":[],"yoast_head":"<!-- This site is optimized with the Yoast SEO plugin v19.8 - https:\/\/yoast.com\/wordpress\/plugins\/seo\/ -->\n<title>Etikai k\u00f3dex \u00e9s fegyelmi szab\u00e1lyzat - H\u00f3dmez\u0151v\u00e1s\u00e1rhelyi Futball Club<\/title>\n<meta name=\"robots\" content=\"index, follow, max-snippet:-1, max-image-preview:large, max-video-preview:-1\" \/>\n<link rel=\"canonical\" href=\"http:\/\/www.hfc1912.hu\/new\/etikai-kodex-es-fegyelmi-szabalyzat\/\" \/>\n<meta property=\"og:locale\" content=\"hu_HU\" \/>\n<meta property=\"og:type\" content=\"article\" \/>\n<meta property=\"og:title\" content=\"Etikai k\u00f3dex \u00e9s fegyelmi szab\u00e1lyzat - H\u00f3dmez\u0151v\u00e1s\u00e1rhelyi Futball Club\" \/>\n<meta property=\"og:description\" content=\"ETIKAI K\u00d3DEX Az etikai k\u00f3dex a H\u00f3dmez\u0151v\u00e1s\u00e1rhelyi Futball Club (HFC) sz\u00e1m\u00e1ra kijel\u00f6li azokat az \u00e9rt\u00e9keket, norm\u00e1kat, elv\u00e1rhat\u00f3 magatart\u00e1si \u00e9s viselked\u00e9si form\u00e1kat, amelyeket a HFC minden...\" \/>\n<meta property=\"og:url\" content=\"http:\/\/www.hfc1912.hu\/new\/etikai-kodex-es-fegyelmi-szabalyzat\/\" \/>\n<meta property=\"og:site_name\" content=\"H\u00f3dmez\u0151v\u00e1s\u00e1rhelyi Futball Club\" \/>\n<meta property=\"article:modified_time\" content=\"2016-10-18T13:26:41+00:00\" \/>\n<meta property=\"og:image\" content=\"http:\/\/www.hfc1912.hu\/new\/wp-content\/uploads\/2016\/10\/hfc_mozaik.jpg\" \/>\n<meta name=\"twitter:card\" content=\"summary_large_image\" \/>\n<meta name=\"twitter:label1\" content=\"Est. reading time\" \/>\n\t<meta name=\"twitter:data1\" content=\"7 perc\" \/>\n<script type=\"application\/ld+json\" class=\"yoast-schema-graph\">{\"@context\":\"https:\/\/schema.org\",\"@graph\":[{\"@type\":\"WebPage\",\"@id\":\"http:\/\/www.hfc1912.hu\/new\/etikai-kodex-es-fegyelmi-szabalyzat\/\",\"url\":\"http:\/\/www.hfc1912.hu\/new\/etikai-kodex-es-fegyelmi-szabalyzat\/\",\"name\":\"Etikai k\u00f3dex \u00e9s fegyelmi szab\u00e1lyzat - H\u00f3dmez\u0151v\u00e1s\u00e1rhelyi Futball Club\",\"isPartOf\":{\"@id\":\"http:\/\/www.hfc1912.hu\/new\/#website\"},\"datePublished\":\"2016-10-18T13:25:45+00:00\",\"dateModified\":\"2016-10-18T13:26:41+00:00\",\"breadcrumb\":{\"@id\":\"http:\/\/www.hfc1912.hu\/new\/etikai-kodex-es-fegyelmi-szabalyzat\/#breadcrumb\"},\"inLanguage\":\"hu\",\"potentialAction\":[{\"@type\":\"ReadAction\",\"target\":[\"http:\/\/www.hfc1912.hu\/new\/etikai-kodex-es-fegyelmi-szabalyzat\/\"]}]},{\"@type\":\"BreadcrumbList\",\"@id\":\"http:\/\/www.hfc1912.hu\/new\/etikai-kodex-es-fegyelmi-szabalyzat\/#breadcrumb\",\"itemListElement\":[{\"@type\":\"ListItem\",\"position\":1,\"name\":\"Home\",\"item\":\"http:\/\/www.hfc1912.hu\/new\/\"},{\"@type\":\"ListItem\",\"position\":2,\"name\":\"Etikai k\u00f3dex \u00e9s fegyelmi szab\u00e1lyzat\"}]},{\"@type\":\"WebSite\",\"@id\":\"http:\/\/www.hfc1912.hu\/new\/#website\",\"url\":\"http:\/\/www.hfc1912.hu\/new\/\",\"name\":\"H\u00f3dmez\u0151v\u00e1s\u00e1rhelyi Futball Club\",\"description\":\"H\u00f3dmez\u0151v\u00e1s\u00e1rhelyi Futball Club hivatalos honlapja\",\"publisher\":{\"@id\":\"http:\/\/www.hfc1912.hu\/new\/#organization\"},\"potentialAction\":[{\"@type\":\"SearchAction\",\"target\":{\"@type\":\"EntryPoint\",\"urlTemplate\":\"http:\/\/www.hfc1912.hu\/new\/?s={search_term_string}\"},\"query-input\":\"required name=search_term_string\"}],\"inLanguage\":\"hu\"},{\"@type\":\"Organization\",\"@id\":\"http:\/\/www.hfc1912.hu\/new\/#organization\",\"name\":\"H\u00f3dmez\u0151v\u00e1s\u00e1rhelyi Futball Club\",\"url\":\"http:\/\/www.hfc1912.hu\/new\/\",\"sameAs\":[],\"logo\":{\"@type\":\"ImageObject\",\"inLanguage\":\"hu\",\"@id\":\"http:\/\/www.hfc1912.hu\/new\/#\/schema\/logo\/image\/\",\"url\":\"http:\/\/www.hfc1912.hu\/new\/wp-content\/uploads\/2021\/12\/cropped-V\u00e9gleges_c\u00edmer_atlatszo150162.png\",\"contentUrl\":\"http:\/\/www.hfc1912.hu\/new\/wp-content\/uploads\/2021\/12\/cropped-V\u00e9gleges_c\u00edmer_atlatszo150162.png\",\"width\":150,\"height\":162,\"caption\":\"H\u00f3dmez\u0151v\u00e1s\u00e1rhelyi Futball Club\"},\"image\":{\"@id\":\"http:\/\/www.hfc1912.hu\/new\/#\/schema\/logo\/image\/\"}}]}<\/script>\n<!-- \/ Yoast SEO plugin. -->","yoast_head_json":{"title":"Etikai k\u00f3dex \u00e9s fegyelmi szab\u00e1lyzat - H\u00f3dmez\u0151v\u00e1s\u00e1rhelyi Futball Club","robots":{"index":"index","follow":"follow","max-snippet":"max-snippet:-1","max-image-preview":"max-image-preview:large","max-video-preview":"max-video-preview:-1"},"canonical":"http:\/\/www.hfc1912.hu\/new\/etikai-kodex-es-fegyelmi-szabalyzat\/","og_locale":"hu_HU","og_type":"article","og_title":"Etikai k\u00f3dex \u00e9s fegyelmi szab\u00e1lyzat - H\u00f3dmez\u0151v\u00e1s\u00e1rhelyi Futball Club","og_description":"ETIKAI K\u00d3DEX Az etikai k\u00f3dex a H\u00f3dmez\u0151v\u00e1s\u00e1rhelyi Futball Club (HFC) sz\u00e1m\u00e1ra kijel\u00f6li azokat az \u00e9rt\u00e9keket, norm\u00e1kat, elv\u00e1rhat\u00f3 magatart\u00e1si \u00e9s viselked\u00e9si form\u00e1kat, amelyeket a HFC minden...","og_url":"http:\/\/www.hfc1912.hu\/new\/etikai-kodex-es-fegyelmi-szabalyzat\/","og_site_name":"H\u00f3dmez\u0151v\u00e1s\u00e1rhelyi Futball Club","article_modified_time":"2016-10-18T13:26:41+00:00","og_image":[{"url":"http:\/\/www.hfc1912.hu\/new\/wp-content\/uploads\/2016\/10\/hfc_mozaik.jpg"}],"twitter_card":"summary_large_image","twitter_misc":{"Est. reading time":"7 perc"},"schema":{"@context":"https:\/\/schema.org","@graph":[{"@type":"WebPage","@id":"http:\/\/www.hfc1912.hu\/new\/etikai-kodex-es-fegyelmi-szabalyzat\/","url":"http:\/\/www.hfc1912.hu\/new\/etikai-kodex-es-fegyelmi-szabalyzat\/","name":"Etikai k\u00f3dex \u00e9s fegyelmi szab\u00e1lyzat - H\u00f3dmez\u0151v\u00e1s\u00e1rhelyi Futball Club","isPartOf":{"@id":"http:\/\/www.hfc1912.hu\/new\/#website"},"datePublished":"2016-10-18T13:25:45+00:00","dateModified":"2016-10-18T13:26:41+00:00","breadcrumb":{"@id":"http:\/\/www.hfc1912.hu\/new\/etikai-kodex-es-fegyelmi-szabalyzat\/#breadcrumb"},"inLanguage":"hu","potentialAction":[{"@type":"ReadAction","target":["http:\/\/www.hfc1912.hu\/new\/etikai-kodex-es-fegyelmi-szabalyzat\/"]}]},{"@type":"BreadcrumbList","@id":"http:\/\/www.hfc1912.hu\/new\/etikai-kodex-es-fegyelmi-szabalyzat\/#breadcrumb","itemListElement":[{"@type":"ListItem","position":1,"name":"Home","item":"http:\/\/www.hfc1912.hu\/new\/"},{"@type":"ListItem","position":2,"name":"Etikai k\u00f3dex \u00e9s fegyelmi szab\u00e1lyzat"}]},{"@type":"WebSite","@id":"http:\/\/www.hfc1912.hu\/new\/#website","url":"http:\/\/www.hfc1912.hu\/new\/","name":"H\u00f3dmez\u0151v\u00e1s\u00e1rhelyi Futball Club","description":"H\u00f3dmez\u0151v\u00e1s\u00e1rhelyi Futball Club hivatalos honlapja","publisher":{"@id":"http:\/\/www.hfc1912.hu\/new\/#organization"},"potentialAction":[{"@type":"SearchAction","target":{"@type":"EntryPoint","urlTemplate":"http:\/\/www.hfc1912.hu\/new\/?s={search_term_string}"},"query-input":"required name=search_term_string"}],"inLanguage":"hu"},{"@type":"Organization","@id":"http:\/\/www.hfc1912.hu\/new\/#organization","name":"H\u00f3dmez\u0151v\u00e1s\u00e1rhelyi Futball Club","url":"http:\/\/www.hfc1912.hu\/new\/","sameAs":[],"logo":{"@type":"ImageObject","inLanguage":"hu","@id":"http:\/\/www.hfc1912.hu\/new\/#\/schema\/logo\/image\/","url":"http:\/\/www.hfc1912.hu\/new\/wp-content\/uploads\/2021\/12\/cropped-V\u00e9gleges_c\u00edmer_atlatszo150162.png","contentUrl":"http:\/\/www.hfc1912.hu\/new\/wp-content\/uploads\/2021\/12\/cropped-V\u00e9gleges_c\u00edmer_atlatszo150162.png","width":150,"height":162,"caption":"H\u00f3dmez\u0151v\u00e1s\u00e1rhelyi Futball Club"},"image":{"@id":"http:\/\/www.hfc1912.hu\/new\/#\/schema\/logo\/image\/"}}]}},"_links":{"self":[{"href":"http:\/\/www.hfc1912.hu\/new\/wp-json\/wp\/v2\/pages\/755"}],"collection":[{"href":"http:\/\/www.hfc1912.hu\/new\/wp-json\/wp\/v2\/pages"}],"about":[{"href":"http:\/\/www.hfc1912.hu\/new\/wp-json\/wp\/v2\/types\/page"}],"author":[{"embeddable":true,"href":"http:\/\/www.hfc1912.hu\/new\/wp-json\/wp\/v2\/users\/1"}],"replies":[{"embeddable":true,"href":"http:\/\/www.hfc1912.hu\/new\/wp-json\/wp\/v2\/comments?post=755"}],"version-history":[{"count":2,"href":"http:\/\/www.hfc1912.hu\/new\/wp-json\/wp\/v2\/pages\/755\/revisions"}],"predecessor-version":[{"id":758,"href":"http:\/\/www.hfc1912.hu\/new\/wp-json\/wp\/v2\/pages\/755\/revisions\/758"}],"wp:attachment":[{"href":"http:\/\/www.hfc1912.hu\/new\/wp-json\/wp\/v2\/media?parent=755"}],"curies":[{"name":"wp","href":"https:\/\/api.w.org\/{rel}","templated":true}]}}